alculate the remainder when f(95) is divided by r.
11
Let w be 10/((-40)/(-36)) - 4. Suppose -3*t - 5*d = 2*t - 35, 0 = -w*d - 20. What is the remainder when 87 is divided by t?
10
Suppose 2*z + z - 12 = 0. Suppose -131 = 5*h + z*m - 328, h - 51 = 5*m. What is the remainder when h is divided by 39/7 + 120/280?
5
Suppose 2*l - 23 = 3. Let v(z) = 3*z - 12. Let j = -364 + 385. Calculate the remainder when v(j) is divided by l.
12
Suppose 0 = -5*j + 15*j - 670. Let q = 46 + j. What is the remainder when q is divided by 38?
37
Let l(o) = -5*o**2 - 2*o - 3. Let v be l(-2). Suppose 0 = -4*f - 5*d + 126, -5 + 15 = -5*d. Let b = f - v. Calculate the remainder when b is divided by 14.
11
Suppose -4*q - q + 4*g + 138 = 0, -g = q - 33. Calculate the remainder when q is divided by (-57)/2*(24/(-9) + 2).
11
Let p(c) = -11*c**2 - 99*c + 168. Suppose 2*q = 3*w - 39 + 2, 4*w - 49 = 3*q. Calculate the remainder when p(-10) is divided by w.
6
Suppose -3*z + 3*q + 171 = 0, -5*z + 282 = -2*q - 2*q. Let y = z - 30. Suppose y = 5*o - 16. Calculate the remainder when 28 is divided by o.
4
Let o(z) = 2*z**2 - 149*z + 2365. Calculate the remainder when o(18) is divided by 316.
15
Let g(o) = -o**3 - 30*o**2 + 3*o - 14. Let m be g(-30). Let t = m - -193. What is the remainder when t is divided by 46?
43
Let o(q) = -q**3 - q**2 + 0*q**2 - 3*q**2 + 2*q**2. Let g be o(0). Calculate the remainder when 1/((-2)/(-158)) + g is divided by 8.
7
Suppose -4*a - 179 = -4*b - 31, 5*b = -3*a + 193. Let t(l) = -7*l + 2. Let y be t(-7). Suppose -5*f = -y - 19. What is the remainder when b is divided by f?
10
Let k be 348/9 - 10/6. Suppose 43 = 5*r - k. Suppose 20*v - r*v - 484 = 0. What is the remainder when v is divided by 21?
16
Suppose 8*v + 891 = -19*v. Let u = v + 84. What is the remainder when u is divided by 11?
7
Let c = -5 + 18. Let d(r) = r**3 - 13*r**2 + 5. Let x be d(13). Suppose 2*z - x*z = -180. Calculate the remainder when z is divided by c.
8
Suppose 205 = 3*d - 5*s, -5*d + 7*d = s + 146. What is the remainder when d is divided by 2?
1
Let d = -34057 - -39014. Calculate the remainder when d is divided by 62.
59
Suppose -5*l + 14*g = 15*g + 835, 3*g - 351 = 2*l. Calculate the remainder when 106 is divided by ((-135)/12)/(35/l).
52
Let n = -124 + 115. Let m = 10 + n. Calculate the remainder when m + 49/3 + (-4)/(-6) is divided by 5.
3
Let b be 68/6*(-30)/(70/(-7)). Suppose 1313 = -21*u + b*u. What is the remainder when u is divided by 36?
29
Suppose -3*l - 3768 = -9*l. Let t = l - 446. Let p = t + -87. Calculate the remainder when p is divided by 24.
23
Let u = -26 + 30. Suppose 79 = 5*o + t, 2 = -u*t + 2*t. What is the remainder when 94 is divided by o?
14
Let l be 4*(-5)/((-25)/190). Suppose -5*g - 52 = -l. Let p = -46 - -124. What is the remainder when p is divided by g?
18
Suppose 2*p - 733 = -3*z, 0 = -17*p + 21*p + 8*z - 1476. What is the remainder when p is divided by 39?
8
Let l(s) be the second derivative of -s**4/3 - 21*s**3/2 + 3*s**2 - 58*s. Calculate the remainder when l(-14) is divided by 23.
12
Let p(f) = -f**3 - 12*f**2 + f + 19. Let m be p(-12). Let c = -22 + m. Calculate the remainder when 58 is divided by 432/20 + 9/c.
16
Suppose 0 = 2*o - 27 + 1. Let b(d) = 10*d**2 - 20*d + 3. Let r be b(2). Suppose -r*z = 4*z - 42. What is the remainder when o is divided by z?
1
Let k be (6/(-8))/((-3)/(-2))*-12. Suppose 0 = -k*w - 3 - 3. What is the remainder when 43 is divided by (w + -23)/(-3) - -1?
7
Suppose 3*r - 8 - 13 = 0, 3*o = 4*r + 341. What is the remainder when 607 is divided by o?
115
Suppose -582 = 82*x - 76*x. Let s = 141 + x. Calculate the remainder when 481 is divided by s.
41
Suppose 30*l = -163785 + 165045. What is the remainder when 440 is divided by l?
20
Let l(c) = -34*c + 734. What is the remainder when 96 is divided by l(21)?
16
Suppose -138*v + 18519 = -6*v - 10785. Calculate the remainder when v is divided by 36.
6
Let t(r) = -50*r + 19. Let p be t(4). Let v be 0/((-42)/6) - (p + 0). Let j = -112 + v. Calculate the remainder when j is divided by 37.
32
Suppose u = 4*v - 3, 3*u - 5*v + 33 = 4*u. Let l be (13 - 11)*u/2. Let a = l + 12. Calculate the remainder when 70 is divided by a.
20
Suppose 1884 - 6105 = -67*r. What is the remainder when 92 is divided by r?
29
Let z be (-1 + 1/(2/30))*1. Let m = 7 + z. Let n = 9 + 28. What is the remainder when n is divided by m?
16
Suppose 191*j = 319 + 1272 + 1847. What is the remainder when 878 is divided by j?
14
Calculate the remainder when 254 is divided by (4 + 215/(-15) + (-2 - -5))*-6.
34
Suppose 4*p + 14 = 5*p. Let k = -181 + 86. Let z = k + 149. What is the remainder when z is divided by p?
12
Let o = 15859 - 15837. What is the remainder when 416 is divided by o?
20
Let i(w) = 8*w**2 + 36*w - 3. What is the remainder when i(-7) is divided by 46?
45
Let f(z) = 2*z**2 - 9*z - 11. Suppose -5*v + 2*o = -145, -232*o - 98 = -4*v - 234*o. What is the remainder when f(9) is divided by v?
16
Let q be 4/(-4) + 5/1. Let v = q + 41. Suppose 7*s - 4*z + 216 = 8*s, 0 = z - 10. What is the remainder when s is divided by v?
41
Suppose -d + 8 = -4. Suppose 87*n - 58520 = -53*n. Calculate the remainder when n is divided by d.
10
Let y(f) be the third derivative of f**5/60 + 5*f**4/8 + 5*f**3/3 + 7*f**2. Let k be y(-12). Let u = 27 + k. Calculate the remainder when 2 is divided by u.
0
Let s(p) = -238*p - 1635. What is the remainder when 168 is divided by s(-7)?
13
Suppose -4*v - 6*v + 50 = 0. Suppose -v*b = -4*m + 66, -3*b - 2*b = 10. Calculate the remainder when m is divided by 7.
0
Let v = -11415 - -11522. Suppose 61 + 50 = 3*c. Calculate the remainder when v is divided by c.
33
Let r = -60 - -92. Let o(q) = -30 + 5*q**2 + q**3 - 7*q + 2*q**2 + 7*q**2 + 4*q. What is the remainder when r is divided by o(-14)?
8
Suppose -4*h - 3*z + 301 = 0, 0*h - 4*z - 353 = -5*h. Let s(k) = 6*k**2 - 479*k - 423. Calculate the remainder when s(81) is divided by h.
71
Let v = 6664 + -6489. Calculate the remainder when 537 is divided by v.
12
Let c(p) = 5*p**2 - 139*p - 38. What is the remainder when 4712 is divided by c(-12)?
12
Let k(n) = 13*n**3 + 2*n - 4. Let v(a) = -a + 3. Let s be v(1). Let w be k(s). Suppose -2*x + w - 20 = 0. Calculate the remainder when 124 is divided by x.
40
Let o = 3105 + -3061. Let j(w) = -3*w - 2. What is the remainder when o is divided by j(-6)?
12
Let f = 4224 + -4197. What is the remainder when 67 is divided by f?
13
Let d(m) = m**3 - 10*m**2 - 59*m + 16. Let n be d(14). What is the remainder when 734 is divided by -1*1*(-23 + n)?
48
Let y = 84 + -30. Suppose 0 = -59*o + y*o - 200. Let i = o - -90. What is the remainder when 196 is divided by i?
46
Let g = 44 + 5. Suppose -18*v - 8 = -20*v. What is the remainder when (5/(-4))/((-5)/(384 - v)) is divided by g?
46
Let w(p) = -3 + 7*p + 58*p + 4 - 3. Let f be w(1). What is the remainder when 14/f + (-100)/(-36) is divided by 2?
1
Let r = -865 - -853. Calculate the remainder when (-6904)/r*(18/12 + 0) is divided by 96.
95
Suppose 0 = -2*v - 4*v + 2034. Suppose -26*h + 23*h + 5*l + 239 = 0, 0 = -3*h - 4*l + 176. What is the remainder when v is divided by h?
67
Let a(v) = 112*v + 15115. What is the remainder when a(-107) is divided by 57?
53
Suppose 4 = 2*w - 12. Suppose -4*g = -w*g + 12. Suppose -2*t = -g*t + 15. Calculate the remainder when t is divided by 6.
3
Let m = 9423 - 9365. Let w(c) = -c**3 - 2*c + 2. Calculate the remainder when w(-6) is divided by m.
56
Let f(n) = 171*n**2 + 30*n + 68. Calculate the remainder when f(-3) is divided by 22.
21
Let j(b) = 95*b - 145. Let f(d) = 8*d - 12. Let m(c) = 25*f(c) - 2*j(c). Let x be m(2). Suppose 0*u = u - x. What is the remainder when 45 is divided by u?
5
Suppose -5*v - 585 = -3*b + 587, 0 = -2*b - v + 790. Let t = 591 - b. Calculate the remainder when t is divided by 33.
32
Let m = 533 + -472. Calculate the remainder when 145 is divided by m.
23
Let n(m) = -3*m**3 - 10*m**2 - 5*m. Let f be n(-3). What is the remainder when f/(-2) + 18 - -3 is divided by 4?
2
Suppose -87 - 673 = 5*g + 2*w, 3*g + 435 = 3*w. Let k = 20 - g. What is the remainder when k is divided by 19?
18
Let w(g) = 7*g + 20. Let r be w(-12). Let a = 109 + r. Let y = -39 + a. What is the remainder when 20 is divided by y?
2
What is 